ainder when 399053 is divided by 1996?
1849
What is the remainder when 3773320 is divided by 3882?
16
Calculate the remainder when 1060642 is divided by 98.
86
Calculate the remainder when 168640 is divided by 81571.
5498
Calculate the remainder when 1405649 is divided by 33467.
35
Calculate the remainder when 1518770 is divided by 47.
12
What is the remainder when 591166 is divided by 17907?
235
What is the remainder when 1085130452 is divided by 13?
3
Calculate the remainder when 492659 is divided by 2208.
275
What is the remainder when 17270031 is divided by 2878337?
9
Calculate the remainder when 1173732 is divided by 167676.
0
What is the remainder when 156903 is divided by 12066?
45
What is the remainder when 3811 is divided by 97?
28
Calculate the remainder when 2490382 is divided by 347.
310
Calculate the remainder when 5936824 is divided by 424.
400
What is the remainder when 347737 is divided by 115902?
31
Calculate the remainder when 32181959 is divided by 10.
9
What is the remainder when 196514876 is divided by 105032?
4
Calculate the remainder when 6607175 is divided by 6607144.
31
What is the remainder when 21998 is divided by 587?
279
What is the remainder when 6178224 is divided by 49?
10
Calculate the remainder when 27030 is divided by 5385.
105
Calculate the remainder when 248299 is divided by 639.
367
Calculate the remainder when 11356222 is divided by 406.
402
What is the remainder when 2006923 is divided by 1345?
183
What is the remainder when 262007 is divided by 422?
367
What is the remainder when 183540162 is divided by 45?
12
What is the remainder when 18832650 is divided by 722?
2
Calculate the remainder when 121417189 is divided by 8.
5
Calculate the remainder when 407182 is divided by 58165.
27
What is the remainder when 16833 is divided by 1295?
1293
What is the remainder when 4599027 is divided by 432?
387
What is the remainder when 723556 is divided by 6291?
91
What is the remainder when 941608 is divided by 3067?
39
What is the remainder when 40388426 is divided by 1721?
1719
Calculate the remainder when 261711 is divided by 236.
223
Calculate the remainder when 1364415 is divided by 14357.
500
What is the remainder when 1563423 is divided by 18?
15
Calculate the remainder when 9182715 is divided by 320.
315
What is the remainder when 37315 is divided by 12394?
133
Calculate the remainder when 422892 is divided by 15662.
18
Calculate the remainder when 1554015 is divided by 161.
43
Calculate the remainder when 14871490 is divided by 14871399.
91
Calculate the remainder when 448969 is divided by 74826.
13
What is the remainder when 811235 is divided by 1153?
676
What is the remainder when 2764162 is divided by 921227?
481
What is the remainder when 25604283 is divided by 47?
46
Calculate the remainder when 47019702 is divided by 85.
82
Calculate the remainder when 57619 is divided by 1397.
342
Calculate the remainder when 82631 is divided by 78.
29
Calculate the remainder when 3149756 is divided by 3055.
51
Calculate the remainder when 28638578 is divided by 6.
2
What is the remainder when 732039262 is divided by 48?
46
Calculate the remainder when 679293 is divided by 2497.
109
What is the remainder when 14200711 is divided by 100005?
1
What is the remainder when 8350870 is divided by 104?
86
Calculate the remainder when 29190319 is divided by 1139.
27
Calculate the remainder when 9936969 is divided by 374.
163
Calculate the remainder when 995206 is divided by 756.
310
What is the remainder when 859821 is divided by 1331?
1326
Calculate the remainder when 3181692 is divided by 11.
8
What is the remainder when 2158463 is divided by 1079156?
151
Calculate the remainder when 5043649 is divided by 1490.
1489
What is the remainder when 343008 is divided by 879?
198
Calculate the remainder when 96153004 is divided by 200.
4
What is the remainder when 1212688 is divided by 75791?
32
What is the remainder when 45237324 is divided by 67?
63
Calculate the remainder when 4399 is divided by 3862.
537
What is the remainder when 51435 is divided by 415?
390
What is the remainder when 984697 is divided by 7240?
57
What is the remainder when 1596413 is divided by 352?
93
Calculate the remainder when 50707 is divided by 372.
115
Calculate the remainder when 5406497 is divided by 18706.
463
Calculate the remainder when 192572 is divided by 948.
128
What is the remainder when 5176174 is divided by 6359?
6307
Calculate the remainder when 45296410 is divided by 405.
400
Calculate the remainder when 8663090 is divided by 11050.
10940
Calculate the remainder when 4537468 is divided by 102.
100
What is the remainder when 615259 is divided by 38445?
139
What is the remainder when 36362 is divided by 17645?
1072
Calculate the remainder when 50830 is divided by 16897.
139
What is the remainder when 1600992 is divided by 4989?
4512
Calculate the remainder when 160297 is divided by 183.
172
What is the remainder when 878758 is divided by 18695?
93
Calculate the remainder when 65703 is divided by 3644.
111
Calculate the remainder when 233999 is divided by 36.
35
Calculate the remainder when 130841 is divided by 1698.
95
What is the remainder when 133129863 is divided by 195?
48
What is the remainder when 927378538 is divided by 1308?
1306
What is the remainder when 568503 is divided by 4137?
1734
Calculate the remainder when 679307 is divided by 113217.
5
What is the remainder when 1364710 is divided by 256?
230
What is the remainder when 48037499 is divided by 848?
843
What is the remainder when 2811587 is divided by 213?
200
Calculate the remainder when 12656933 is divided by 17012.
5
Calculate the remainder when 21443091 is divided by 7147696.
3
What is the remainder when 14045088 is divided by 197818?
10
What is the remainder when 705373 is divided by 704816?
557
Calculate the remainder when 370587 is divided by 1579.
1101
Calculate the remainder when 730817 is divided by 11419.
1
Calculate the remainder when 23465881 is divided by 1955485.
61
Calculate the remainder when 1355502 is divided by 1705.
27
What is the remainder when 177889 is divided by 814?
437
What is the remainder when 227927 is divided by 75612?
1091
Calculate the remainder when 8191917 is divided by 356.
1
Calculate the remainder when 1351281 is divided by 10393.
191
Calculate the remainder when 1898444 is divided by 15067.
2
Calculate the remainder when 9929798 is divided by 902706.
32
What is the remainder when 8304673 is divided by 79?
35
Calculate the remainder when 2069200 is divided by 2890.
2850
What is the remainder when 1429599 is divided by 119?
52
Calculate the remainder when 5313790 is divided by 89.
45
What is the remainder when 1065979 is divided by 93?
13
What is the remainder when 381129 is divided by 3468?
3117
Calculate the remainder when 14242183 is divided by 1424216.
23
What is the remainder when 158665 is divided by 2237?
2075
What is the remainder when 7364912 is divided by 284?
224
Calculate the remainder when 75404 is divided by 5797.
43
What is the remainder when 2470592 is divided by 159?
50
What is the remainder when 178255 is divided by 1174?
981
What is the remainder when 29577582 is divided by 218?
214
What is the remainder when 777346 is divided by 26?
24
What is the remainder when 8229267 is divided by 15?
12
Calculate the remainder when 10875970 is divided by 757.
151
Calculate the remainder when 1964852 is divided by 11556.
332
What is the remainder when 135742 is divided by 43452?
5386
Calculate the remainder when 48523162 is divided by 33.
28
Calculate the remainder when 850144 is divided by 9341.
113
What is the remainder when 176068 is divided by 57279?
4231
Calculate the remainder when 26310 is divided by 26212.
98
What is the remainder when 2049788 is divided by 166?
20
Calculate the remainder when 6964757 is divided by 20.
17
What is the remainder when 77718 is divided by 5?
3
Calculate the remainder when 31821 is divided by 1406.
889
Calculate the remainder when 376929739 is divided by 250.
239
What is the remainder when 84399558 is divided by 2890?
2888
What is the remainder when 436159 is divided by 436069?
90
Calculate the remainder when 202704 is divided by 22060.
4164
What is the remainder when 7253417 is divided by 2